 t(y) = y**z - 4*y + 6*y - y + y**n - 4 + 1. Give t(0).
-3
Suppose -33 + 29 = -2*s. Let r(x) = x**3 - 1 + 7*x**s - 3*x - x + 0*x**2 - 4*x**2. Let b = 751 + -755. What is r(b)?
-1
Let f = -367 - -371. Suppose -9 = 3*u, -5*w - 6 = -2*w + 3*u. Let b(g) = f + 8*g + w - g**2 - 9 + 0. Determine b(6).
8
Let k(b) = b**2 + 5*b - 8. Let c be ((-6)/24)/((-3)/(-42))*50. Let r = c + 168. What is k(r)?
6
Let z be (-12)/(-20) - (-4)/10. Let k be -1*(-7 - (z + 2)). Let i be (1/(-5)*1)/((-2)/k). Let t(j) = 5*j**3 + j**2. Calculate t(i).
6
Suppose 47 = -x + c, -4*x - 4*c + 44 = -5*x. Let i = 57 + x. Let k(w) = 20*w - 15*w - i*w + 5. What is k(4)?
-11
Suppose 271 + 398 = 223*r. Let w(u) = u**3 - 3*u**2 - 9*u + 15. Give w(r).
-12
Let k = 178 - 178. Let x(l) = 2*l**2 + 9 - 5 + k*l**2 - 3*l**2 + 4*l. Calculate x(-4).
-28
Let d(l) = -20*l**3 + 2*l**2 - 14*l + 1. Let u(r) = -99*r**3 + 11*r**2 - 76*r + 7. Let k(n) = 11*d(n) - 2*u(n). Calculate k(-1).
21
Suppose 5*m = 2*d - 8 + 2, -3*d + 5*m = 1. Let t(a) = -16*a**2 - 29*a**2 - 4 + 1 - 37*a**2 + 83*a**2 + 6*a. Determine t(d).
4
Let o(m) = m**2 + 15*m - 11. Let h(a) = 73*a + 30. Let q be h(4). Let l = q - 338. Calculate o(l).
5
Suppose y - 20 + 51 = 0. Let q(f) = -f - 26. Let m be q(y). Let w(a) = 6*a + a**2 - 3*a**2 - 3 + a**3 - 4*a**2. Determine w(m).
2
Let n(t) = 3*t**2 - 15*t + 79. Let u(l) = -8*l**2 + 29*l - 158. Let x(v) = 5*n(v) + 2*u(v). Let d be x(4). Let r(y) = -2*y - 6. What is r(d)?
4
Let f(p) = p**2 - 3*p - 46. Let k be f(-5). Let d be (-62)/8 - 7*k/(-168). Let q(x) = x**3 + 9*x**2 + 6*x - 8. Determine q(d).
8
Let l(q) = -109. Let p(d) = d - 617. Let i(m) = -6*l(m) + p(m). Give i(-22).
15
Let q(s) = -8*s - 3*s + 3*s**2 - 5*s**2 - 15 - 2*s. Let z be q(-5). Let y = z + -4. Let f(h) = h. Give f(y).
-4
Let d(g) = -13*g**2 - 4*g + 1. Let i(v) = -65*v**2 - 21*v + 6. Let z(c) = -11*d(c) + 2*i(c). Let k(f) = 2*f**2 - 19*f + 38. Let x be k(3). Calculate z(x).
12
Suppose 0*z + 3*z = 15, -2*l - z - 3 = 0. Let u be (-3 + (4 - 3))*l/2. Let r(v) = v**3 - 4*v**2 - 3*v + 1. What is r(u)?
-11
Let b = -11076 + 11079. Let m(w) = -12*w + 6. Calculate m(b).
-30
Let p(h) = 4*h - 1031. Let l(g) = g - 286. Let i(z) = -22*l(z) + 6*p(z). Calculate i(-54).
-2
Suppose -16 = 4*c + 8. Let i(k) = 6*k + 90. Let a(y) = -3*y - 41. Let z(r) = 9*a(r) + 4*i(r). Calculate z(c).
9
Let c(u) be the third derivative of -u**5/60 + 17*u**4/24 + 47*u**3/6 - 192*u**2 - 2*u. Give c(19).
9
Let l(n) be the second derivative of -1/2*n**2 + 23*n - 11/2*n**3 + 2. Calculate l(1).
-34
Let z(k) = 5*k. Suppose 4*a = -4*w - 72, -4*w = -2*a - 0*w - 36. Let o = -13 - a. Suppose -5*s = -n + 16, -3*n + 12 + 6 = -o*s. What is z(n)?
5
Let z(s) = -s + 24. Suppose -109*o + 101*o = -56. Let m be (-7)/o*(-9 + -2). Calculate z(m).
13
Let w(s) = s**3 - 18*s**2 + 73*s - 7. Let z = 41810 + -41798. Give w(z).
5
Let q(u) be the third derivative of -19*u**4/24 - 343*u**3/3 + u**2 - 1321*u + 2. Give q(-36).
-2
Let i(b) be the first derivative of 6*b**2 - 3*b + 27. Suppose 0*k - 2*k + 56 = -4*w, w = -3*k. Let l be 2/2*-3*w/18. Calculate i(l).
21
Let z(f) = 12*f - f**3 - 5 + 2 + 6*f**2 - 3*f + 0 - 8*f. Suppose -19 + 1 = -3*d. Calculate z(d).
3
Let a = 23204 - 23211. Let q(y) = 6*y**2 + 4*y + y**3 - 7*y + 8 - 4*y. Calculate q(a).
8
Let t(l) = l**2 - 11*l + 8. Let q(v) = -37*v**3 + 3*v**2 + 4*v + 1. Let c be q(-1). Suppose -4*z + c = -3. What is t(z)?
-2
Suppose -9*r - 51 = -12*r. Suppose 4*s = 3*q - 16 - 8, -2*q + 3*s = -r. Suppose -2*w + q = -4*n, -4*n = -0*n - w + 8. Let u(x) = 4*x + 1. Give u(n).
-11
Let x(j) = j**3 - 12*j**2 + 16*j - 27. Let c be 26/(-351)*-9 + (-3)/(9/(-31)). Calculate x(c).
28
Let g(q) = -q**3 + 9*q**2 + 24*q - 2. Let b be g(10). Let x be (-2)/3 + (-874)/b. Let o(f) = f**3 + 7*f**2 + 8. Calculate o(x).
8
Let x(h) be the second derivative of -h**3/3 - h**2/2 - 13*h - 59. Suppose -17 = 4*t - 1. What is x(t)?
7
Let g(f) be the third derivative of -5*f**4/12 + f**3/6 + 3*f**2 + 15*f - 211. Suppose -5*p = -p + 3*k - 19, -26 = -p - 5*k. What is g(p)?
-9
Let f = -326 - -502. Suppose 26 - f = -10*l. Suppose 2*o - w + 0 = -l, -o = 2*w. Let h(t) = -t**2 - 6*t - 7. Calculate h(o).
-7
Let v = -277 - -283. Let j(o) = v - 6*o**2 - 11 - o**3 - 4*o - 1 - o. Give j(-5).
-6
Let a(b) = 2*b**2 + 346*b - 146. Let t(x) = -20*x. Let r(p) = -a(p) - 19*t(p). Calculate r(-4).
-22
Let v(f) = 4*f**2 + 4*f - 4. Let c(g) = 326*g - 4. Let b be c(0). Give v(b).
44
Let t(h) = 8 - 73839*h - 24 + 73840*h. Determine t(17).
1
Let h(l) = 2*l**3 + 3*l**2 - 3*l + 4. Suppose 3*n - 3*a = 54, -3*n + 8*n - 93 = 2*a. Suppose 28*j = n*j - 27. What is h(j)?
-14
Let g(j) = -99 - 18*j + 24 + 104 - 538 - 301. Calculate g(-45).
0
Let j(m) = -4*m**2 + 45*m + 41. Let u(f) = 10*f**2 - 598*f - 108. Let p be u(60). Calculate j(p).
5
Let o(n) be the third derivative of -n**4/2 + 67*n**3/2 + 685*n**2 + n + 2. What is o(18)?
-15
Let p be (-4)/(12/123) + (-10)/10. Let k be 0 + 74/10 + p/105. Let t(h) = h**2 - 6*h - 8. Give t(k).
-1
Let z = -10 + 13. Suppose -4*y + 5*l = -5, 0*l = -z*y - 2*l - 2. Let w(i) be the second derivative of -i**4/12 - i**3/6 + 3*i**2 + 2*i. Calculate w(y).
6
Let a(g) = g**2 + 3*g - 2. Let v(z) = z - 2*z**3 - 7*z**2 + 12*z**3 - 2*z**3 - 9*z**3 + 3. Let f be v(-7). Calculate a(f).
2
Let c(a) = 5. Let y(r) = r - 3. Let o(v) = -c(v) - 2*y(v). Suppose 3 - 13 = 5*w. Let s be (w/(-4))/(2/(-8)). Determine o(s).
5
Let j be (-1005)/(-200) + (-48)/1920. Let i(k) = k**3 - 5*k**2 - 2*k - 9. Give i(j).
-19
Let k = -973164 + 973157. Let l(x) = -x - 6. Let d(f) = 0*f - 6 - 4*f + 3*f. Let y(q) = -5*d(q) + 4*l(q). Determine y(k).
-1
Let g be 11 - (-17 + 4/2). Let t(y) = y**3 - 26*y**2 + y + 7. What is t(g)?
33
Let i(s) = -s**2 + 7*s + 1. Let n(l) = 2*l**2 - 14*l - 2. Let b(g) = -5*i(g) - 3*n(g). Let a(v) = -3*v**2 + 230*v - 4306. Let k be a(44). Calculate b(k).
7
Let c(r) be the second derivative of 5*r**3/6 + r**2/2 - r. Suppose -9111 + 9115 = 2*l - 0*l. Calculate c(l).
11
Let d(b) be the first derivative of -b**2 + 4*b - 1. Let y(v) = 13*v**2 - 17*v + 4. Let u be y(3). Suppose 77*k - 28 = u*k. Calculate d(k).
-4
Let j be (3/(-3))/((-39)/(-169))*-3. Let h(u) = u - 2*u - 5 - 9 + j. What is h(6)?
-7
Let o(b) = 107 + 74 + 71 - b - b**2 - 347 + 80. Let f(a) = a**3 + 3*a**2 + a + 3. Let u be f(-3). Calculate o(u).
-15
Let x(f) = 108 + 8 - 6*f + 30 + 33 - 7. Let b be x(30). Let m(s) = -s**3 - 8*s**2 + s + 3. Calculate m(b).
-5
Let c be (915/75 - 12)*(1 + 84). Let x(n) = -2*n + 10. What is x(c)?
-24
Let m(h) be the second derivative of 5*h**3/6 + 33*h**2 + 132*h - 8. What is m(-15)?
-9
Let x(d) = -54*d + 9. Let h(l) = 64*l - 10. Let b(a) = -6*h(a) - 7*x(a). Suppose -2*s = -5 - 7. Let v(n) = -5*n - 4. Let k(o) = s*b(o) - 7*v(o). Determine k(7).
3
Let z(x) = 21*x**2 - 25*x + 47. Let m(n) = -68*n**2 + 77*n - 141. Let g(j) = -4*m(j) - 13*z(j). Give g(11).
19
Let i(a) = a. Suppose 0 = -3*f - 4*r + 60, 0 = -4*f + f + 2*r + 42. Suppose -5*g + 2*v - 12 - f = 0, -3*g - 8 = v. What is i(g)?
-4
Suppose -2*t - 13 = -17. Suppose 137 = -t*n + 147. Let w(z) = -z - n*z + z + 2*z. Give w(-5).
15
Let r(u) be the third derivative of -u**6/120 - u**4/8 + u**3 - 564*u**2. What is r(2)?
-8
Let s = -262 + 457. Let g be -2*13/s + (-124)/(-30). Let o(h) = h**3 - 5*h**2 + 5*h - 6. Determine o(g).
-2
Let b(z) = 3061 + z - 6119 + 3067 + z. Suppose i + i + 3*q = -3, i - 4 = 4*q. Calculate b(i).
9
Let a(g) = 2*g**3 + 10*g**2 + g + 4. Let w be a(-5). Let l(f) = -20*f - 7. Let z(x) = -39*x - 15. Let q(o) = 13*l(o) - 6*z(o). What is q(w)?
25
Let z = -5509 - -5505. Let u(j) = 11*j + 36. Determine u(z).
-8
Let c(y) = -16*y + 46. Let i(o) = 3*o**3 - 2*o**2 - 15*o + 17. Let u be i(2). Give c(u).
-2
Let d = 232261 + -232256. Let r(k) = 5*k**2 - 3*k - 3. Let m(p) = 14*p**2 - 9*p - 8. Let j(s) = -4*m(s) + 11*r(s). Calculate j(d).
-11
Suppose 25 = 5*b - 5*g, 6*b - 22 = 4*b + 4*g. Let p(t) = -35*t**3 - t**2 + t + 2. What is p(b)?
35
Let o(z) = -z**3 + 8*z**2 - 7*z. Let l(x) = 4*x**2 + 16*x + 5. Let p = -95 - -91. Let k be l(p). Let f be 14*(-1)/(-10)*k. Give o(f).
0
Let k(u) = -4*u**2 + 10*u + 8. Let d(y) be the first derivative of -y**3 + 7*y**2/2 + 5*y + 130. Let t(l) = -7*d(l) + 5*k(l). What is t(6)?
47
Suppose -4*m + 964 = 968. Let r(o) = -310*o + 106